{"id":2194,"date":"2024-06-12T12:17:48","date_gmt":"2024-06-12T10:17:48","guid":{"rendered":"https:\/\/ortsuisse.org\/site\/?page_id=2194"},"modified":"2024-06-14T04:30:33","modified_gmt":"2024-06-14T02:30:33","slug":"action","status":"publish","type":"page","link":"https:\/\/ortsuisse.org\/site\/action\/","title":{"rendered":"ACTION"},"content":{"rendered":"<p>[et_pb_section fb_built=\u00a0\u00bb1&Prime; fullwidth=\u00a0\u00bbon\u00a0\u00bb admin_label=\u00a0\u00bbPage Header\u00a0\u00bb _builder_version=\u00a0\u00bb4.9.4&Prime; background_color=\u00a0\u00bbRGBA(0,0,0,0)\u00a0\u00bb background_image=\u00a0\u00bbhttps:\/\/ortsuisse.org\/site2\/wp-content\/uploads\/2021\/06\/Image-Two-Girls-1.jpg\u00a0\u00bb background_size=\u00a0\u00bbcontain\u00a0\u00bb background_repeat=\u00a0\u00bbrepeat\u00a0\u00bb min_height_tablet=\u00a0\u00bb\u00a0\u00bb min_height_phone=\u00a0\u00bb\u00a0\u00bb min_height_last_edited=\u00a0\u00bbon|tablet\u00a0\u00bb height_tablet=\u00a0\u00bb\u00a0\u00bb height_phone=\u00a0\u00bb273px\u00a0\u00bb height_last_edited=\u00a0\u00bbon|tablet\u00a0\u00bb custom_margin_tablet=\u00a0\u00bb\u00a0\u00bb custom_margin_phone=\u00a0\u00bb\u00a0\u00bb custom_margin_last_edited=\u00a0\u00bbon|phone\u00a0\u00bb filter_saturate=\u00a0\u00bb99%\u00a0\u00bb filter_contrast=\u00a0\u00bb99%\u00a0\u00bb background_last_edited=\u00a0\u00bbon|phone\u00a0\u00bb parallax_tablet=\u00a0\u00bboff\u00a0\u00bb background_size_tablet=\u00a0\u00bbcontain\u00a0\u00bb background_size_phone=\u00a0\u00bbcontain\u00a0\u00bb box_shadow_style=\u00a0\u00bbpreset1&Prime;][et_pb_fullwidth_header title=\u00a0\u00bbActions principales de l&rsquo;ORT \u00a0\u00bb subhead=\u00a0\u00bben 2024&Prime; text_orientation=\u00a0\u00bbcenter\u00a0\u00bb button_one_url=\u00a0\u00bb@ET-DC@eyJkeW5hbWljIjp0cnVlLCJjb250ZW50IjoicG9zdF9saW5rX3VybF9wYWdlIiwic2V0dGluZ3MiOnsicG9zdF9pZCI6Ijc4OCJ9fQ==@\u00a0\u00bb button_two_url=\u00a0\u00bb#\u00a0\u00bb button_one_text_tablet=\u00a0\u00bb\u00a0\u00bb button_one_text_phone=\u00a0\u00bb\u00a0\u00bb button_one_text_last_edited=\u00a0\u00bbon|desktop\u00a0\u00bb admin_label=\u00a0\u00bbHero Section\u00a0\u00bb _builder_version=\u00a0\u00bb4.9.4&Prime; _dynamic_attributes=\u00a0\u00bbbutton_one_url\u00a0\u00bb title_font=\u00a0\u00bbGilroy-light||||||||\u00a0\u00bb subhead_font=\u00a0\u00bbGilroy-light||||||||\u00a0\u00bb subhead_font_size=\u00a0\u00bb22px\u00a0\u00bb subhead_letter_spacing=\u00a0\u00bb6px\u00a0\u00bb subhead_line_height=\u00a0\u00bb2.2em\u00a0\u00bb background_enable_color=\u00a0\u00bboff\u00a0\u00bb use_background_color_gradient=\u00a0\u00bbon\u00a0\u00bb background_color_gradient_start=\u00a0\u00bbrgba(73,21,113,0.85)\u00a0\u00bb background_color_gradient_end=\u00a0\u00bbrgba(73,21,113,0.88)\u00a0\u00bb background_image=\u00a0\u00bbhttps:\/\/ortsuisse.org\/site\/wp-content\/uploads\/2021\/06\/Image-Two-Girls-1.jpg\u00a0\u00bb custom_button_one=\u00a0\u00bbon\u00a0\u00bb button_one_custom_margin_tablet=\u00a0\u00bb\u00a0\u00bb button_one_custom_margin_phone=\u00a0\u00bb-56px||||false|false\u00a0\u00bb button_one_custom_margin_last_edited=\u00a0\u00bbon|desktop\u00a0\u00bb module_alignment=\u00a0\u00bbcenter\u00a0\u00bb animation_style=\u00a0\u00bbzoom\u00a0\u00bb title_font_size_tablet=\u00a0\u00bb27px\u00a0\u00bb title_font_size_phone=\u00a0\u00bb21px\u00a0\u00bb title_font_size_last_edited=\u00a0\u00bbon|desktop\u00a0\u00bb button_one_text_size_tablet=\u00a0\u00bb\u00a0\u00bb button_one_text_size_phone=\u00a0\u00bb15px\u00a0\u00bb button_one_text_size_last_edited=\u00a0\u00bbon|phone\u00a0\u00bb button_one_text_color_hover=\u00a0\u00bb#6eba01&Prime; button_two_text_color_hover=\u00a0\u00bb#6eba01&Prime; button_one_border_color_hover=\u00a0\u00bb#ffffff\u00a0\u00bb button_two_border_color_hover=\u00a0\u00bb#ffffff\u00a0\u00bb button_one_border_radius_hover=\u00a0\u00bb0&Prime; button_two_border_radius_hover=\u00a0\u00bb0&Prime; button_one_letter_spacing_hover=\u00a0\u00bb2&Prime; button_two_letter_spacing_hover=\u00a0\u00bb2&Prime; button_one_bg_color_hover=\u00a0\u00bb#ffffff\u00a0\u00bb button_two_bg_color_hover=\u00a0\u00bb#ffffff\u00a0\u00bb custom_margin=\u00a0\u00bb||48px|||\u00a0\u00bb min_height=\u00a0\u00bb445px\u00a0\u00bb]<\/p>\n<p>&nbsp;<\/p>\n<p>&nbsp;<\/p>\n<p>[\/et_pb_fullwidth_header][\/et_pb_section][et_pb_section fb_built=\u00a0\u00bb1&Prime; _builder_version=\u00a0\u00bb4.9.4&Prime; _module_preset=\u00a0\u00bbdefault\u00a0\u00bb custom_padding=\u00a0\u00bb||0px|||\u00a0\u00bb][et_pb_row _builder_version=\u00a0\u00bb4.9.4&Prime; _module_preset=\u00a0\u00bbdefault\u00a0\u00bb][et_pb_column type=\u00a0\u00bb4_4&Prime; _builder_version=\u00a0\u00bb4.9.4&Prime; _module_preset=\u00a0\u00bbdefault\u00a0\u00bb][et_pb_text _builder_version=\u00a0\u00bb4.9.4&Prime; _module_preset=\u00a0\u00bbdefault\u00a0\u00bb]<\/p>\n<p style=\"text-align: justify;\">Chers Amies et Amis,<\/p>\n<p style=\"text-align: justify;\">l&rsquo;ORT Suisse a pour but statutaire essentiel de lever des fonds pour soutenir les efforts et les projets de l&rsquo;ORT dans le monde.<\/p>\n<p style=\"text-align: justify;\">Actuellement, et vu les circonstances politiques si difficiles, nous soutenons en priorit\u00e9 les mesures d&rsquo;urgence en faveur de nos \u00e9coles en Isra\u00ebl et en Ukraine, deux pays en guerre dans lesquels nos b\u00e9n\u00e9ficiaires sont en tr\u00e8s grand besoin.<\/p>\n<p style=\"text-align: justify;\">Gr\u00e2ce \u00e0 votre g\u00e9n\u00e9rosit\u00e9, les conditions d&rsquo;\u00e9ducation sont maintenues envers et contre tout, les enfants, les familles et les professeurs sont tr\u00e8s attentivement soutenus psychologiquement et leurs s\u00e9curit\u00e9 fait l&rsquo;objet d&rsquo;une attention de chaque instant.\u00a0<\/p>\n<p style=\"text-align: justify;\">Voici les nouvelles que nous souhaitons partager avec vous.<\/p>\n<p style=\"text-align: justify;\">vous pouvez cliquez les liens ci-dessous et vous informer en t\u00e9l\u00e9chargeant les documents \u00e0 votre disposition. N&rsquo;h\u00e9sitez pas \u00e0 diffuser ces nouvelles \u00e0 vos proches.<\/p>\n<p style=\"text-align: justify;\">Si vous souhaitez communiquer avec notre administration ou notre Comit\u00e9 vous pouvez vous adresser \u00e0 <a href=\"mailto:office@ortsuisse.org\">office@ortsuisse.org.<\/a><\/p>\n<p style=\"text-align: justify;\">\n<p style=\"text-align: justify;\">Avec nos amiti\u00e9s reconnaissantes,\u00a0<\/p>\n<p style=\"text-align: justify;\">Le Comit\u00e9 ORT Suisse.<\/p>\n<p style=\"text-align: justify;\">\n<p>[\/et_pb_text][\/et_pb_column][\/et_pb_row][\/et_pb_section][et_pb_section fb_built=\u00a0\u00bb1&Prime; _builder_version=\u00a0\u00bb4.9.4&Prime; _module_preset=\u00a0\u00bbdefault\u00a0\u00bb custom_padding=\u00a0\u00bb0px|||||\u00a0\u00bb][et_pb_row column_structure=\u00a0\u00bb1_2,1_2&Prime; _builder_version=\u00a0\u00bb4.9.4&Prime; _module_preset=\u00a0\u00bbdefault\u00a0\u00bb min_height=\u00a0\u00bb232.8px\u00a0\u00bb custom_margin=\u00a0\u00bb|auto|-130px|auto||\u00a0\u00bb custom_padding=\u00a0\u00bb||46px|||\u00a0\u00bb][et_pb_column type=\u00a0\u00bb1_2&Prime; _builder_version=\u00a0\u00bb4.9.4&Prime; _module_preset=\u00a0\u00bbdefault\u00a0\u00bb][et_pb_text _builder_version=\u00a0\u00bb4.9.4&Prime; _module_preset=\u00a0\u00bbdefault\u00a0\u00bb text_font=\u00a0\u00bbGilroy-light||||||||\u00a0\u00bb text_text_color=\u00a0\u00bb#491571&Prime; background_color=\u00a0\u00bb#00DDBF\u00a0\u00bb text_orientation=\u00a0\u00bbcenter\u00a0\u00bb min_height=\u00a0\u00bb64.8px\u00a0\u00bb custom_margin=\u00a0\u00bb||19px|||\u00a0\u00bb custom_padding=\u00a0\u00bb||0px|||\u00a0\u00bb link_option_url=\u00a0\u00bbhttps:\/\/ort.org\/en\/israel-at-war-100-days\/\u00a0\u00bb]<\/p>\n<p style=\"text-align: center;\"><span style=\"text-decoration: underline; color: #339966;\"><strong><\/strong><\/span><\/p>\n<p style=\"text-align: center;\"><span style=\"text-decoration: underline; color: #333399;\"><strong>-&gt; Nouvelles d&rsquo;Isra\u00ebl<\/strong> &#8211; (en anglais)<\/span><\/p>\n<p>[\/et_pb_text][\/et_pb_column][et_pb_column type=\u00a0\u00bb1_2&Prime; _builder_version=\u00a0\u00bb4.9.4&Prime; _module_preset=\u00a0\u00bbdefault\u00a0\u00bb][et_pb_text _builder_version=\u00a0\u00bb4.9.4&Prime; _module_preset=\u00a0\u00bbdefault\u00a0\u00bb background_color=\u00a0\u00bb#C1F76F\u00a0\u00bb min_height=\u00a0\u00bb56.8px\u00a0\u00bb custom_margin=\u00a0\u00bb||26px|||\u00a0\u00bb custom_padding=\u00a0\u00bb||27px|||\u00a0\u00bb link_option_url=\u00a0\u00bbhttps:\/\/ort.org\/en\/two-years-of-war-in-ukraine-resilience-reinforcement-and-recovery\/\u00a0\u00bb]<\/p>\n<p style=\"text-align: center;\"><span style=\"text-decoration: underline;\"><strong><\/strong><\/span><\/p>\n<p style=\"text-align: center;\"><span style=\"text-decoration: underline; color: #333399;\"><strong>-&gt; Nouvelles d&rsquo;Ukraine<\/strong> &#8211; (en anglais)<\/span><\/p>\n<p>[\/et_pb_text][\/et_pb_column][\/et_pb_row][\/et_pb_section][et_pb_section fb_built=\u00a0\u00bb1&Prime; _builder_version=\u00a0\u00bb4.9.4&Prime; _module_preset=\u00a0\u00bbdefault\u00a0\u00bb custom_margin=\u00a0\u00bb103px|||||\u00a0\u00bb custom_padding=\u00a0\u00bb||0px|||\u00a0\u00bb min_height=\u00a0\u00bb468px\u00a0\u00bb][et_pb_row column_structure=\u00a0\u00bb1_2,1_2&Prime; _builder_version=\u00a0\u00bb4.9.4&Prime; _module_preset=\u00a0\u00bbdefault\u00a0\u00bb][et_pb_column type=\u00a0\u00bb1_2&Prime; _builder_version=\u00a0\u00bb4.9.4&Prime; _module_preset=\u00a0\u00bbdefault\u00a0\u00bb][et_pb_image src=\u00a0\u00bbhttps:\/\/ortsuisse.org\/site\/wp-content\/uploads\/2024\/06\/ort-israel-peace-bird.jpeg\u00a0\u00bb alt=\u00a0\u00bbORT &#8211; Peace &#8211; Israel\u00a0\u00bb title_text=\u00a0\u00bbort-israel-peace-bird\u00a0\u00bb url=\u00a0\u00bbhttps:\/\/ort.org\/en\/israel-at-war-100-days\/\u00a0\u00bb _builder_version=\u00a0\u00bb4.9.4&Prime; _module_preset=\u00a0\u00bbdefault\u00a0\u00bb][\/et_pb_image][\/et_pb_column][et_pb_column type=\u00a0\u00bb1_2&Prime; _builder_version=\u00a0\u00bb4.9.4&Prime; _module_preset=\u00a0\u00bbdefault\u00a0\u00bb][et_pb_image src=\u00a0\u00bbhttps:\/\/ortsuisse.org\/site\/wp-content\/uploads\/2024\/06\/ort-ukraine-peace-bird-flag-small.jpg\u00a0\u00bb title_text=\u00a0\u00bbort-ukraine-peace-bird-flag-small\u00a0\u00bb url=\u00a0\u00bbhttps:\/\/ort.org\/en\/two-years-of-war-in-ukraine-resilience-reinforcement-and-recovery\/\u00a0\u00bb url_new_window=\u00a0\u00bbon\u00a0\u00bb align=\u00a0\u00bbcenter\u00a0\u00bb _builder_version=\u00a0\u00bb4.9.4&Prime; _module_preset=\u00a0\u00bbdefault\u00a0\u00bb][\/et_pb_image][\/et_pb_column][\/et_pb_row][\/et_pb_section][et_pb_section fb_built=\u00a0\u00bb1&Prime; _builder_version=\u00a0\u00bb4.9.4&Prime; _module_preset=\u00a0\u00bbdefault\u00a0\u00bb][et_pb_row _builder_version=\u00a0\u00bb4.9.4&Prime; _module_preset=\u00a0\u00bbdefault\u00a0\u00bb][et_pb_column type=\u00a0\u00bb4_4&Prime; _builder_version=\u00a0\u00bb4.9.4&Prime; _module_preset=\u00a0\u00bbdefault\u00a0\u00bb][et_pb_text _builder_version=\u00a0\u00bb4.9.4&Prime; _module_preset=\u00a0\u00bbdefault\u00a0\u00bb custom_padding=\u00a0\u00bb||3px|||\u00a0\u00bb link_option_url=\u00a0\u00bbhttps:\/\/ortsuisse.org\/action\/document\/ORT-action-2024-01-26-CNN-adolescents-ukrainiens-en-Israel.pdf\u00a0\u00bb]<\/p>\n<h4 style=\"text-align: center;\"><span style=\"color: #99cc00;\"><strong>ORT &#8211; 2024 01 26 &#8211; CNN &#8211; adolescents ukrainiens en Israel<\/strong><\/span><\/h4>\n<p>[\/et_pb_text][\/et_pb_column][\/et_pb_row][et_pb_row _builder_version=\u00a0\u00bb4.9.4&Prime; _module_preset=\u00a0\u00bbdefault\u00a0\u00bb][et_pb_column type=\u00a0\u00bb4_4&Prime; _builder_version=\u00a0\u00bb4.9.4&Prime; _module_preset=\u00a0\u00bbdefault\u00a0\u00bb][et_pb_text _builder_version=\u00a0\u00bb4.9.4&Prime; _module_preset=\u00a0\u00bbdefault\u00a0\u00bb link_option_url=\u00a0\u00bbhttps:\/\/ortsuisse.org\/action\/document\/ORT-action-2024-03-31-Israel-emergency-response.pdf\u00a0\u00bb]<\/p>\n<h4 style=\"text-align: center;\"><strong><span style=\"color: #339966;\">ORT &#8211; 2024 03 31 &#8211; Israel Emergency Response<\/span><\/strong><\/h4>\n<p>[\/et_pb_text][\/et_pb_column][\/et_pb_row][et_pb_row _builder_version=\u00a0\u00bb4.9.4&Prime; _module_preset=\u00a0\u00bbdefault\u00a0\u00bb][et_pb_column type=\u00a0\u00bb4_4&Prime; _builder_version=\u00a0\u00bb4.9.4&Prime; _module_preset=\u00a0\u00bbdefault\u00a0\u00bb][et_pb_text _builder_version=\u00a0\u00bb4.9.4&Prime; _module_preset=\u00a0\u00bbdefault\u00a0\u00bb link_option_url=\u00a0\u00bbhttps:\/\/ortsuisse.org\/action\/document\/ORT-action-2024-05-07-Ukraine-relief-needs.pdf\u00a0\u00bb]<\/p>\n<h4 style=\"text-align: center;\"><strong><span style=\"color: #808000;\">ORT &#8211; 2024 05 07 &#8211; Ukraine Relief Needs<\/span><\/strong><\/h4>\n<p>[\/et_pb_text][\/et_pb_column][\/et_pb_row][\/et_pb_section]<\/p>\n","protected":false},"excerpt":{"rendered":"<p>[et_pb_section fb_built=\u00a0\u00bb1&Prime; fullwidth=\u00a0\u00bbon\u00a0\u00bb admin_label=\u00a0\u00bbPage Header\u00a0\u00bb _builder_version=\u00a0\u00bb4.9.4&Prime; background_color=\u00a0\u00bbRGBA(0,0,0,0)\u00a0\u00bb background_image=\u00a0\u00bbhttps:\/\/ortsuisse.org\/site2\/wp-content\/uploads\/2021\/06\/Image-Two-Girls-1.jpg\u00a0\u00bb background_size=\u00a0\u00bbcontain\u00a0\u00bb background_repeat=\u00a0\u00bbrepeat\u00a0\u00bb min_height_tablet=\u00a0\u00bb\u00a0\u00bb min_height_phone=\u00a0\u00bb\u00a0\u00bb min_height_last_edited=\u00a0\u00bbon|tablet\u00a0\u00bb height_tablet=\u00a0\u00bb\u00a0\u00bb height_phone=\u00a0\u00bb273px\u00a0\u00bb height_last_edited=\u00a0\u00bbon|tablet\u00a0\u00bb custom_margin_tablet=\u00a0\u00bb\u00a0\u00bb custom_margin_phone=\u00a0\u00bb\u00a0\u00bb custom_margin_last_edited=\u00a0\u00bbon|phone\u00a0\u00bb filter_saturate=\u00a0\u00bb99%\u00a0\u00bb filter_contrast=\u00a0\u00bb99%\u00a0\u00bb background_last_edited=\u00a0\u00bbon|phone\u00a0\u00bb parallax_tablet=\u00a0\u00bboff\u00a0\u00bb background_size_tablet=\u00a0\u00bbcontain\u00a0\u00bb background_size_phone=\u00a0\u00bbcontain\u00a0\u00bb box_shadow_style=\u00a0\u00bbpreset1&Prime;][et_pb_fullwidth_header title=\u00a0\u00bbActions principales de l&rsquo;ORT \u00a0\u00bb subhead=\u00a0\u00bben 2024&Prime; text_orientation=\u00a0\u00bbcenter\u00a0\u00bb button_one_url=\u00a0\u00bb@ET-DC@eyJkeW5hbWljIjp0cnVlLCJjb250ZW50IjoicG9zdF9saW5rX3VybF9wYWdlIiwic2V0dGluZ3MiOnsicG9zdF9pZCI6Ijc4OCJ9fQ==@\u00a0\u00bb button_two_url=\u00a0\u00bb#\u00a0\u00bb button_one_text_tablet=\u00a0\u00bb\u00a0\u00bb button_one_text_phone=\u00a0\u00bb\u00a0\u00bb button_one_text_last_edited=\u00a0\u00bbon|desktop\u00a0\u00bb admin_label=\u00a0\u00bbHero Section\u00a0\u00bb _builder_version=\u00a0\u00bb4.9.4&Prime; _dynamic_attributes=\u00a0\u00bbbutton_one_url\u00a0\u00bb title_font=\u00a0\u00bbGilroy-light||||||||\u00a0\u00bb subhead_font=\u00a0\u00bbGilroy-light||||||||\u00a0\u00bb subhead_font_size=\u00a0\u00bb22px\u00a0\u00bb subhead_letter_spacing=\u00a0\u00bb6px\u00a0\u00bb subhead_line_height=\u00a0\u00bb2.2em\u00a0\u00bb background_enable_color=\u00a0\u00bboff\u00a0\u00bb use_background_color_gradient=\u00a0\u00bbon\u00a0\u00bb background_color_gradient_start=\u00a0\u00bbrgba(73,21,113,0.85)\u00a0\u00bb background_color_gradient_end=\u00a0\u00bbrgba(73,21,113,0.88)\u00a0\u00bb background_image=\u00a0\u00bbhttps:\/\/ortsuisse.org\/site\/wp-content\/uploads\/2021\/06\/Image-Two-Girls-1.jpg\u00a0\u00bb custom_button_one=\u00a0\u00bbon\u00a0\u00bb button_one_custom_margin_tablet=\u00a0\u00bb\u00a0\u00bb [&hellip;]<\/p>\n","protected":false},"author":1,"featured_media":0,"parent":0,"menu_order":0,"comment_status":"closed","ping_status":"closed","template":"","meta":{"give_campaign_id":0,"_et_pb_use_builder":"on","_et_pb_old_content":"","_et_gb_content_width":"","footnotes":""},"class_list":["post-2194","page","type-page","status-publish","hentry"],"campaignId":"","_links":{"self":[{"href":"https:\/\/ortsuisse.org\/site\/wp-json\/wp\/v2\/pages\/2194","targetHints":{"allow":["GET"]}}],"collection":[{"href":"https:\/\/ortsuisse.org\/site\/wp-json\/wp\/v2\/pages"}],"about":[{"href":"https:\/\/ortsuisse.org\/site\/wp-json\/wp\/v2\/types\/page"}],"author":[{"embeddable":true,"href":"https:\/\/ortsuisse.org\/site\/wp-json\/wp\/v2\/users\/1"}],"replies":[{"embeddable":true,"href":"https:\/\/ortsuisse.org\/site\/wp-json\/wp\/v2\/comments?post=2194"}],"version-history":[{"count":21,"href":"https:\/\/ortsuisse.org\/site\/wp-json\/wp\/v2\/pages\/2194\/revisions"}],"predecessor-version":[{"id":2253,"href":"https:\/\/ortsuisse.org\/site\/wp-json\/wp\/v2\/pages\/2194\/revisions\/2253"}],"wp:attachment":[{"href":"https:\/\/ortsuisse.org\/site\/wp-json\/wp\/v2\/media?parent=2194"}],"curies":[{"name":"wp","href":"https:\/\/api.w.org\/{rel}","templated":true}]}}