{"id":913,"date":"2021-06-09T07:50:01","date_gmt":"2021-06-09T07:50:01","guid":{"rendered":"https:\/\/ortsuisse.org\/site2\/?page_id=913"},"modified":"2021-06-21T07:25:14","modified_gmt":"2021-06-21T07:25:14","slug":"lheritage-de-lort","status":"publish","type":"page","link":"https:\/\/ortsuisse.org\/site\/lheritage-de-lort\/","title":{"rendered":"L&rsquo;HERITAGE DE L&rsquo;ORT"},"content":{"rendered":"<p>[et_pb_section fb_built=\u00a0\u00bb1&Prime; fullwidth=\u00a0\u00bbon\u00a0\u00bb next_background_color=\u00a0\u00bb#ffffff\u00a0\u00bb disabled_on=\u00a0\u00bboff|off|off\u00a0\u00bb admin_label=\u00a0\u00bbHero\u00a0\u00bb _builder_version=\u00a0\u00bb4.9.4&Prime; background_color=\u00a0\u00bb#1f1f1f\u00a0\u00bb background_image=\u00a0\u00bbhttps:\/\/ortsuisse.org\/site2\/wp-content\/uploads\/2021\/06\/image-old-scientist.jpg\u00a0\u00bb parallax=\u00a0\u00bbon\u00a0\u00bb custom_padding=\u00a0\u00bb|||\u00a0\u00bb bottom_divider_style=\u00a0\u00bbcurve\u00a0\u00bb transparent_background=\u00a0\u00bbon\u00a0\u00bb][et_pb_fullwidth_header title=\u00a0\u00bbL&rsquo;ORT EN SUISSE\u00a0\u00bb text_orientation=\u00a0\u00bbcenter\u00a0\u00bb background_overlay_color=\u00a0\u00bbrgba(31,31,31,0.85)\u00a0\u00bb subhead_font_color=\u00a0\u00bb#bebebe\u00a0\u00bb _builder_version=\u00a0\u00bb4.9.4&Prime; title_font=\u00a0\u00bbGilroy-Regular||||||||\u00a0\u00bb title_text_color=\u00a0\u00bb#ffffff\u00a0\u00bb title_font_size=\u00a0\u00bb72px\u00a0\u00bb title_line_height=\u00a0\u00bb1.3em\u00a0\u00bb content_font=\u00a0\u00bbMontserrat||||\u00a0\u00bb content_text_color=\u00a0\u00bb#bfbfbf\u00a0\u00bb content_font_size=\u00a0\u00bb19px\u00a0\u00bb content_line_height=\u00a0\u00bb1.8em\u00a0\u00bb subhead_font=\u00a0\u00bbMontserrat||||\u00a0\u00bb subhead_text_color=\u00a0\u00bb#bebebe\u00a0\u00bb subhead_line_height=\u00a0\u00bb1.8em\u00a0\u00bb background_color=\u00a0\u00bbrgba(255, 255, 255, 0)\u00a0\u00bb background_enable_image=\u00a0\u00bboff\u00a0\u00bb background_size=\u00a0\u00bbcontain\u00a0\u00bb background_repeat=\u00a0\u00bbrepeat\u00a0\u00bb custom_padding=\u00a0\u00bb5%||5%|\u00a0\u00bb animation_style=\u00a0\u00bbzoom\u00a0\u00bb animation_duration=\u00a0\u00bb1500ms\u00a0\u00bb animation_intensity_zoom=\u00a0\u00bb4%\u00a0\u00bb title_line_height_last_edited=\u00a0\u00bboff|desktop\u00a0\u00bb button_one_text_size__hover_enabled=\u00a0\u00bboff\u00a0\u00bb button_two_text_size__hover_enabled=\u00a0\u00bboff\u00a0\u00bb button_one_text_color__hover_enabled=\u00a0\u00bboff\u00a0\u00bb button_two_text_color__hover_enabled=\u00a0\u00bboff\u00a0\u00bb button_one_border_width__hover_enabled=\u00a0\u00bboff\u00a0\u00bb button_two_border_width__hover_enabled=\u00a0\u00bboff\u00a0\u00bb button_one_border_color__hover_enabled=\u00a0\u00bboff\u00a0\u00bb button_two_border_color__hover_enabled=\u00a0\u00bboff\u00a0\u00bb button_one_border_radius__hover_enabled=\u00a0\u00bboff\u00a0\u00bb button_two_border_radius__hover_enabled=\u00a0\u00bboff\u00a0\u00bb button_one_letter_spacing__hover_enabled=\u00a0\u00bboff\u00a0\u00bb button_two_letter_spacing__hover_enabled=\u00a0\u00bboff\u00a0\u00bb button_one_bg_color__hover_enabled=\u00a0\u00bboff\u00a0\u00bb button_two_bg_color__hover_enabled=\u00a0\u00bboff\u00a0\u00bb][\/et_pb_fullwidth_header][\/et_pb_section][et_pb_section fb_built=\u00a0\u00bb1&Prime; _builder_version=\u00a0\u00bb4.9.4&Prime; _module_preset=\u00a0\u00bbdefault\u00a0\u00bb][et_pb_row _builder_version=\u00a0\u00bb4.9.4&Prime; _module_preset=\u00a0\u00bbdefault\u00a0\u00bb][et_pb_column type=\u00a0\u00bb4_4&Prime; _builder_version=\u00a0\u00bb4.9.4&Prime; _module_preset=\u00a0\u00bbdefault\u00a0\u00bb][et_pb_text _builder_version=\u00a0\u00bb4.9.4&Prime; _module_preset=\u00a0\u00bbdefault\u00a0\u00bb header_font=\u00a0\u00bb|600|||||||\u00a0\u00bb header_text_align=\u00a0\u00bbcenter\u00a0\u00bb header_text_color=\u00a0\u00bb#491571&Prime; hover_enabled=\u00a0\u00bb0&Prime; header_font_size=\u00a0\u00bb34px\u00a0\u00bb sticky_enabled=\u00a0\u00bb0&Prime;]<\/p>\n<h1>L&rsquo;HERITAGE DE L&rsquo;ORT<\/h1>\n<h1><\/h1>\n<p>[\/et_pb_text][\/et_pb_column][\/et_pb_row][et_pb_row _builder_version=\u00a0\u00bb4.9.4&Prime; _module_preset=\u00a0\u00bbdefault\u00a0\u00bb][et_pb_column type=\u00a0\u00bb4_4&Prime; _builder_version=\u00a0\u00bb4.9.4&Prime; _module_preset=\u00a0\u00bbdefault\u00a0\u00bb][et_pb_text _builder_version=\u00a0\u00bb4.9.4&Prime; _module_preset=\u00a0\u00bbdefault\u00a0\u00bb header_2_text_color=\u00a0\u00bb#491571&Prime; hover_enabled=\u00a0\u00bb0&Prime; text_font_size=\u00a0\u00bb17px\u00a0\u00bb header_2_font_size=\u00a0\u00bb30px\u00a0\u00bb sticky_enabled=\u00a0\u00bb0&Prime;]<\/p>\n<h2>Tout a commenc\u00e9 dans la Russie tsariste de la fin du 19\u00e8me si\u00e8cle \u2026<\/h2>\n<p>&nbsp;<\/p>\n<p>\u00c0 cette \u00e9poque, les juifs \u00e9taient alors fortement discrimin\u00e9s. D\u2019une part, ils n\u2019\u00e9taient pas autoris\u00e9s \u00e0 poss\u00e9der des terres en dehors de la \u00ab zone de colonisation \u00bb o\u00f9 la grande majorit\u00e9 d\u2019entre eux \u00e9tait cantonn\u00e9e. D\u2019autre part, ils n\u2019\u00e9taient autoris\u00e9s \u00e0 exercer qu\u2019un nombre restreint de professions telles qu\u2019aubergistes, brasseurs, colporteurs ou cochers. Les commer\u00e7ants juifs \u00e9taient tax\u00e9s deux fois plus lourdement que les non-juifs. Les jeunes gar\u00e7ons \u00e9taient incorpor\u00e9s \u00e0 l\u2019arm\u00e9e, parfois d\u00e8s l\u2019\u00e2ge de douze ans, pour d\u2019excessivement longues p\u00e9riodes.<\/p>\n<p>&nbsp;<\/p>\n<h2>Il y a 140 ans \u2026<\/h2>\n<p>&nbsp;<\/p>\n<p>Face \u00e0 la pauvret\u00e9 et au d\u00e9sespoir des leurs, trois visionnaires, Nicolai Bakst, Samuel Poliakov et Horace de Gunzburg, d\u00e9cid\u00e8rent de venir en aide \u00e0 la Communaut\u00e9. Intimement convaincus que la connaissance offre la libert\u00e9 et que le travail offre la dignit\u00e9, ils d\u00e9cid\u00e8rent de cr\u00e9er une organisation qui permette \u00e0 chacun de recevoir une \u00e9ducation et une formation aux m\u00e9tiers techniques, la soci\u00e9t\u00e9 ayant \u00e0 ce moment-l\u00e0 besoin d\u2019ouvriers, et ainsi permettre \u00e0 chacun de gagner dignement sa vie et de soutenir sa famille.<\/p>\n<p>Le 22 mars 1880, suite \u00e0 la p\u00e9tition qu\u2019ils adress\u00e8rent au Tsar Alexandre II, une lettre au Minist\u00e8re de l\u2019int\u00e9rieur leurs donna la permission de collecter des fonds pour leur association. En un temps record, soit 18 jours plus tard, un appel \u00e0 l\u2019ensemble de la Communaut\u00e9 juive de Russie fut lanc\u00e9 afin de soutenir un fonds de solidarit\u00e9. Pr\u00e8s de 13\u2019000 donateurs, aux revenus souvent modestes, entendirent cet appel et permirent de r\u00e9colter plus de 200\u2019000.- roubles. C\u2019est ainsi que naquit l\u2019Organisation pour la formation aux m\u00e9tiers de l\u2019artisanat et de l\u2019agriculture.<\/p>\n<p>En peu de temps, forte de sa philosophie, l\u2019ORT s\u2019est d\u00e9ploy\u00e9e. En plus des \u00e9coles cr\u00e9es, l\u2019ORT a apport\u00e9 son aide en octroyant des pr\u00eats aux artisans, en octroyant des bourses aux \u00e9tudiants et en achetant des lopins de terre pour y installer les familles d\u00e9munies.<\/p>\n<p>Au fil des al\u00e9as de l\u2019histoire, l\u2019ORT s\u2019est toujours adapt\u00e9e aux nouveaux besoins et aux nouvelles difficult\u00e9s de la vie. Cette capacit\u00e9 d\u2019adaptation est, entre autre, ce qui a permis l\u2019incroyable r\u00e9ussite de cette organisation. La solidarit\u00e9, l\u2019implication et la g\u00e9n\u00e9rosit\u00e9 de ses membres a permis son d\u00e9ploiement dans le monde entier.<\/p>\n<p>Durant la premi\u00e8re guerre mondiale, l\u2019ORT mis en place des ateliers coop\u00e9ratifs, des soupes populaires ainsi que des offices de cr\u00e9dit ce qui sauva des milliers de personnes de la famine. L\u2019ORT \u00e9galement mis en place un programme de \u00ab r\u00e9habilitation par le travail \u00bb pour les juifs d\u00e9plac\u00e9s.<\/p>\n<p>Aussi, durant la seconde guerre mondiale, les \u00e9coles ORT, seules \u00e9coles sous r\u00e9gime anglais et non allemand, ouvrirent leurs portes \u00e0 tous les enfants des environs, sans tenir compte de leurs origines, nationalit\u00e9 ou religion. De nombreux enfants furent ainsi sauv\u00e9s.<\/p>\n<p>L\u2019amour de l\u2019ORT, sa philosophie et son h\u00e9ritage, se propagent d\u2019une personne \u00e0 l\u2019autre. Parfois, par hasard, comme lors de la rencontre fortuite entre Messieurs Vladimir Halp\u00e9rin et Aaron Singalowski dans un train. Par cette simple discussion entre deux passagers du m\u00eame train, l\u2019amour de l\u2019ORT est pass\u00e9. Si bien qu\u2019Aaron Singalowski fut \u00e0 l\u2019origine de la cr\u00e9ation de l\u2019ORT aux Etats-Unis, en Afrique du Sud et en Isra\u00ebl, devint Directeur de l\u2019ORT Mondiale et cr\u00e9a, avec Vladimir Halp\u00e9rin, l\u2019Institut ORT Ani\u00e8res.<\/p>\n<p>L\u2019\u00e9norme succ\u00e8s de cette magnifique organisation est d\u00fb \u00e0 tous ses g\u00e9n\u00e9reux donateurs, tous ses pr\u00e9sidents, tous ses repr\u00e9sentants, tous ses professeurs et tous ses \u00e9l\u00e8ves. Au fil des ans toutes ces personnes ont chang\u00e9s mais le but, lui, est rest\u00e9 le m\u00eame. L\u2019H\u00e9ritage se transmet d\u2019une g\u00e9n\u00e9ration \u00e0 l\u2019autre, d\u2019une personne \u00e0 l\u2019autre.<\/p>\n<p>L\u2019\u00e9ducation ne fait malheureusement pas partie des droits de l\u2019homme. Il existe encore trop d\u2019endroits sur terre o\u00f9 elle n\u2019est pas accessible ou m\u00eame simplement interdite pour des motifs de genre, de race, de religion ou de nationalit\u00e9. Dans sa mission, l\u2019ORT tente, avec le succ\u00e8s qu\u2019on lui conna\u00eet, non seulement de rendre l\u2019\u00e9ducation accessible \u00e0 tous, ind\u00e9pendamment de ce types de consid\u00e9rations, mais aussi de promouvoir l\u2019excellence.<\/p>\n<p>Le monde a quelque peu chang\u00e9 depuis l\u2019\u00e9poque o\u00f9 l\u2019artisanat et l\u2019agriculture \u00e9taient des comp\u00e9tences professionnelles recherch\u00e9es, mais les principes de base de l\u2019ORT sont rest\u00e9s inchang\u00e9s depuis 1880. Aujourd\u2019hui, les programmes de l\u2019ORT sont orient\u00e9s selon la demande des pays et r\u00e9pondent aux exigences du monde du travail d\u2019aujourd\u2019hui et surtout de demain.<\/p>\n<p>C\u2019est pourquoi, nous sommes fiers et heureux de faire partie, \u00e0 notre modeste mesure, de cette merveilleuse histoire. Une histoire si exceptionnelle qu\u2019elle se raconte comme une l\u00e9gende. Nous sommes touch\u00e9s par tous les accomplissements de l\u2019ORT et par toutes les personnes qui y ont contribu\u00e9s depuis 1880 en sachant conserver cet h\u00e9ritage intact, mus par l\u2019envie de donner, de partager tout simplement.<\/p>\n<p>Nous pensons qu\u2019en fondant l\u2019ORT, Nicolai Bakst, Samuel Poliakov et Horace de Gunzburg n\u2019auraient pas imagin\u00e9 que leur action contribuerait si largement et si durablement \u00e0 am\u00e9liorer le sort de tant de personnes et par l\u00e0 le monde en g\u00e9n\u00e9ral.<\/p>\n<p>Tout ceci n\u2019a \u00e9t\u00e9, n\u2019est et ne sera possible, que gr\u00e2ce \u00e0 vous, nos pr\u00e9cieux et fid\u00e8les soutiens, amis et sympathisants.<\/p>\n<p>Nous tenons donc \u00e0 remercier chaque personne qui, de pr\u00e8s ou de loin, par son amour, sa vision, son d\u00e9vouement, son soutien, son temps ou sa pr\u00e9sence, participe et contribue \u00e0 notre merveilleuse aventure.<\/p>\n<p>L\u2019Education est l\u2019affaire de tous, ensemble nous changeons des vies.<\/p>\n<p>Le Comit\u00e9<\/p>\n<p>Association ORT Suisse 1, rue de Varemb\u00e9 CH \u2013 1202 Gen\u00e8ve<\/p>\n<p>[\/et_pb_text][\/et_pb_column][\/et_pb_row][\/et_pb_section]<\/p>\n","protected":false},"excerpt":{"rendered":"<p>[et_pb_section fb_built=\u00a0\u00bb1&Prime; fullwidth=\u00a0\u00bbon\u00a0\u00bb next_background_color=\u00a0\u00bb#ffffff\u00a0\u00bb disabled_on=\u00a0\u00bboff|off|off\u00a0\u00bb admin_label=\u00a0\u00bbHero\u00a0\u00bb _builder_version=\u00a0\u00bb4.9.4&Prime; background_color=\u00a0\u00bb#1f1f1f\u00a0\u00bb background_image=\u00a0\u00bbhttps:\/\/ortsuisse.org\/site2\/wp-content\/uploads\/2021\/06\/image-old-scientist.jpg\u00a0\u00bb parallax=\u00a0\u00bbon\u00a0\u00bb custom_padding=\u00a0\u00bb|||\u00a0\u00bb bottom_divider_style=\u00a0\u00bbcurve\u00a0\u00bb transparent_background=\u00a0\u00bbon\u00a0\u00bb][et_pb_fullwidth_header title=\u00a0\u00bbL&rsquo;ORT EN SUISSE\u00a0\u00bb text_orientation=\u00a0\u00bbcenter\u00a0\u00bb background_overlay_color=\u00a0\u00bbrgba(31,31,31,0.85)\u00a0\u00bb subhead_font_color=\u00a0\u00bb#bebebe\u00a0\u00bb _builder_version=\u00a0\u00bb4.9.4&Prime; title_font=\u00a0\u00bbGilroy-Regular||||||||\u00a0\u00bb title_text_color=\u00a0\u00bb#ffffff\u00a0\u00bb title_font_size=\u00a0\u00bb72px\u00a0\u00bb title_line_height=\u00a0\u00bb1.3em\u00a0\u00bb content_font=\u00a0\u00bbMontserrat||||\u00a0\u00bb content_text_color=\u00a0\u00bb#bfbfbf\u00a0\u00bb content_font_size=\u00a0\u00bb19px\u00a0\u00bb content_line_height=\u00a0\u00bb1.8em\u00a0\u00bb subhead_font=\u00a0\u00bbMontserrat||||\u00a0\u00bb subhead_text_color=\u00a0\u00bb#bebebe\u00a0\u00bb subhead_line_height=\u00a0\u00bb1.8em\u00a0\u00bb background_color=\u00a0\u00bbrgba(255, 255, 255, 0)\u00a0\u00bb background_enable_image=\u00a0\u00bboff\u00a0\u00bb background_size=\u00a0\u00bbcontain\u00a0\u00bb background_repeat=\u00a0\u00bbrepeat\u00a0\u00bb custom_padding=\u00a0\u00bb5%||5%|\u00a0\u00bb animation_style=\u00a0\u00bbzoom\u00a0\u00bb animation_duration=\u00a0\u00bb1500ms\u00a0\u00bb animation_intensity_zoom=\u00a0\u00bb4%\u00a0\u00bb title_line_height_last_edited=\u00a0\u00bboff|desktop\u00a0\u00bb button_one_text_size__hover_enabled=\u00a0\u00bboff\u00a0\u00bb button_two_text_size__hover_enabled=\u00a0\u00bboff\u00a0\u00bb button_one_text_color__hover_enabled=\u00a0\u00bboff\u00a0\u00bb button_two_text_color__hover_enabled=\u00a0\u00bboff\u00a0\u00bb button_one_border_width__hover_enabled=\u00a0\u00bboff\u00a0\u00bb button_two_border_width__hover_enabled=\u00a0\u00bboff\u00a0\u00bb button_one_border_color__hover_enabled=\u00a0\u00bboff\u00a0\u00bb button_two_border_color__hover_enabled=\u00a0\u00bboff\u00a0\u00bb button_one_border_radius__hover_enabled=\u00a0\u00bboff\u00a0\u00bb button_two_border_radius__hover_enabled=\u00a0\u00bboff\u00a0\u00bb button_one_letter_spacing__hover_enabled=\u00a0\u00bboff\u00a0\u00bb button_two_letter_spacing__hover_enabled=\u00a0\u00bboff\u00a0\u00bb [&hellip;]<\/p>\n","protected":false},"author":2,"featured_media":0,"parent":0,"menu_order":0,"comment_status":"closed","ping_status":"closed","template":"","meta":{"give_campaign_id":0,"_et_pb_use_builder":"on","_et_pb_old_content":"","_et_gb_content_width":"","footnotes":""},"class_list":["post-913","page","type-page","status-publish","hentry"],"campaignId":"","_links":{"self":[{"href":"https:\/\/ortsuisse.org\/site\/wp-json\/wp\/v2\/pages\/913","targetHints":{"allow":["GET"]}}],"collection":[{"href":"https:\/\/ortsuisse.org\/site\/wp-json\/wp\/v2\/pages"}],"about":[{"href":"https:\/\/ortsuisse.org\/site\/wp-json\/wp\/v2\/types\/page"}],"author":[{"embeddable":true,"href":"https:\/\/ortsuisse.org\/site\/wp-json\/wp\/v2\/users\/2"}],"replies":[{"embeddable":true,"href":"https:\/\/ortsuisse.org\/site\/wp-json\/wp\/v2\/comments?post=913"}],"version-history":[{"count":4,"href":"https:\/\/ortsuisse.org\/site\/wp-json\/wp\/v2\/pages\/913\/revisions"}],"predecessor-version":[{"id":1297,"href":"https:\/\/ortsuisse.org\/site\/wp-json\/wp\/v2\/pages\/913\/revisions\/1297"}],"wp:attachment":[{"href":"https:\/\/ortsuisse.org\/site\/wp-json\/wp\/v2\/media?parent=913"}],"curies":[{"name":"wp","href":"https:\/\/api.w.org\/{rel}","templated":true}]}}