{"id":917,"date":"2021-06-09T07:51:13","date_gmt":"2021-06-09T07:51:13","guid":{"rendered":"https:\/\/ortsuisse.org\/site2\/?page_id=917"},"modified":"2021-06-21T07:41:44","modified_gmt":"2021-06-21T07:41:44","slug":"lhistoire-de-lort-mondial","status":"publish","type":"page","link":"https:\/\/ortsuisse.org\/site\/lhistoire-de-lort-mondial\/","title":{"rendered":"L&rsquo;HISTOIRE DE L&rsquo;ORT MONDIAL"},"content":{"rendered":"<p>[et_pb_section fb_built=\u00a0\u00bb1&Prime; fullwidth=\u00a0\u00bbon\u00a0\u00bb next_background_color=\u00a0\u00bb#ffffff\u00a0\u00bb disabled_on=\u00a0\u00bboff|off|off\u00a0\u00bb admin_label=\u00a0\u00bbHero\u00a0\u00bb _builder_version=\u00a0\u00bb4.9.4&Prime; background_color=\u00a0\u00bb#1f1f1f\u00a0\u00bb background_image=\u00a0\u00bbhttps:\/\/ortsuisse.org\/site2\/wp-content\/uploads\/2021\/06\/image-old-scientist.jpg\u00a0\u00bb parallax=\u00a0\u00bbon\u00a0\u00bb custom_padding=\u00a0\u00bb|||\u00a0\u00bb bottom_divider_style=\u00a0\u00bbcurve\u00a0\u00bb transparent_background=\u00a0\u00bbon\u00a0\u00bb][et_pb_fullwidth_header title=\u00a0\u00bbL&rsquo;HISTOIRE DE L&rsquo;ORT MONDIAL\u00a0\u00bb text_orientation=\u00a0\u00bbcenter\u00a0\u00bb background_overlay_color=\u00a0\u00bbrgba(31,31,31,0.85)\u00a0\u00bb subhead_font_color=\u00a0\u00bb#bebebe\u00a0\u00bb _builder_version=\u00a0\u00bb4.9.4&Prime; title_font=\u00a0\u00bbGilroy-Regular||||||||\u00a0\u00bb title_text_color=\u00a0\u00bb#ffffff\u00a0\u00bb title_font_size=\u00a0\u00bb72px\u00a0\u00bb title_line_height=\u00a0\u00bb1.3em\u00a0\u00bb content_font=\u00a0\u00bbMontserrat||||\u00a0\u00bb content_text_color=\u00a0\u00bb#bfbfbf\u00a0\u00bb content_font_size=\u00a0\u00bb19px\u00a0\u00bb content_line_height=\u00a0\u00bb1.8em\u00a0\u00bb subhead_font=\u00a0\u00bbMontserrat||||\u00a0\u00bb subhead_text_color=\u00a0\u00bb#bebebe\u00a0\u00bb subhead_line_height=\u00a0\u00bb1.8em\u00a0\u00bb background_color=\u00a0\u00bbrgba(255, 255, 255, 0)\u00a0\u00bb background_enable_image=\u00a0\u00bboff\u00a0\u00bb background_size=\u00a0\u00bbcontain\u00a0\u00bb background_repeat=\u00a0\u00bbrepeat\u00a0\u00bb custom_padding=\u00a0\u00bb5%||5%|\u00a0\u00bb animation_style=\u00a0\u00bbzoom\u00a0\u00bb animation_duration=\u00a0\u00bb1500ms\u00a0\u00bb animation_intensity_zoom=\u00a0\u00bb4%\u00a0\u00bb title_line_height_last_edited=\u00a0\u00bboff|desktop\u00a0\u00bb button_one_text_size__hover_enabled=\u00a0\u00bboff\u00a0\u00bb button_two_text_size__hover_enabled=\u00a0\u00bboff\u00a0\u00bb button_one_text_color__hover_enabled=\u00a0\u00bboff\u00a0\u00bb button_two_text_color__hover_enabled=\u00a0\u00bboff\u00a0\u00bb button_one_border_width__hover_enabled=\u00a0\u00bboff\u00a0\u00bb button_two_border_width__hover_enabled=\u00a0\u00bboff\u00a0\u00bb button_one_border_color__hover_enabled=\u00a0\u00bboff\u00a0\u00bb button_two_border_color__hover_enabled=\u00a0\u00bboff\u00a0\u00bb button_one_border_radius__hover_enabled=\u00a0\u00bboff\u00a0\u00bb button_two_border_radius__hover_enabled=\u00a0\u00bboff\u00a0\u00bb button_one_letter_spacing__hover_enabled=\u00a0\u00bboff\u00a0\u00bb button_two_letter_spacing__hover_enabled=\u00a0\u00bboff\u00a0\u00bb button_one_bg_color__hover_enabled=\u00a0\u00bboff\u00a0\u00bb button_two_bg_color__hover_enabled=\u00a0\u00bboff\u00a0\u00bb][\/et_pb_fullwidth_header][\/et_pb_section][et_pb_section fb_built=\u00a0\u00bb1&Prime; _builder_version=\u00a0\u00bb4.9.4&Prime; _module_preset=\u00a0\u00bbdefault\u00a0\u00bb][et_pb_row _builder_version=\u00a0\u00bb4.9.4&Prime; _module_preset=\u00a0\u00bbdefault\u00a0\u00bb][et_pb_column type=\u00a0\u00bb4_4&Prime; _builder_version=\u00a0\u00bb4.9.4&Prime; _module_preset=\u00a0\u00bbdefault\u00a0\u00bb][et_pb_text _builder_version=\u00a0\u00bb4.9.4&Prime; _module_preset=\u00a0\u00bbdefault\u00a0\u00bb header_font=\u00a0\u00bb|600|||||||\u00a0\u00bb header_text_align=\u00a0\u00bbcenter\u00a0\u00bb header_text_color=\u00a0\u00bb#491571&Prime; header_font_size=\u00a0\u00bb34px\u00a0\u00bb min_height=\u00a0\u00bb61.6px\u00a0\u00bb]<\/p>\n<h1>L&rsquo;HISTOIRE DE L&rsquo;ORT MONDIAL<\/h1>\n<h1><\/h1>\n<p>[\/et_pb_text][\/et_pb_column][\/et_pb_row][et_pb_row _builder_version=\u00a0\u00bb4.9.4&Prime; _module_preset=\u00a0\u00bbdefault\u00a0\u00bb][et_pb_column type=\u00a0\u00bb4_4&Prime; _builder_version=\u00a0\u00bb4.9.4&Prime; _module_preset=\u00a0\u00bbdefault\u00a0\u00bb][et_pb_text _builder_version=\u00a0\u00bb4.9.4&Prime; _module_preset=\u00a0\u00bbdefault\u00a0\u00bb text_font_size=\u00a0\u00bb17px\u00a0\u00bb header_2_text_color=\u00a0\u00bb#491571&Prime; hover_enabled=\u00a0\u00bb0&Prime; header_4_font_size=\u00a0\u00bb17px\u00a0\u00bb header_4_line_height=\u00a0\u00bb1.4em\u00a0\u00bb header_2_font_size=\u00a0\u00bb28px\u00a0\u00bb header_3_font_size=\u00a0\u00bb25px\u00a0\u00bb header_3_line_height=\u00a0\u00bb1.3em\u00a0\u00bb sticky_enabled=\u00a0\u00bb0&Prime;]<\/p>\n<h3><strong><span style=\"color: #491571;\">L\u2019ORT a \u00e9t\u00e9 fond\u00e9e \u00e0 Saint-P\u00e9tersbourg en 1880, par la volont\u00e9 de financiers et intellectuels juifs russes. Cet organisme est destin\u00e9 \u00e0 aider la population juive appauvrie \u00e0 construire une existence nouvelle pour le travail agricole et artisanal.<\/span><\/strong><\/h3>\n<p><strong><span style=\"color: #491571;\"><\/span><\/strong><\/p>\n<h4>Obschestvo Remeslevono i zemledelcheskovo Trouda, c\u2019est-\u00e0-dire la Soci\u00e9t\u00e9 pour le d\u00e9veloppement de l\u2019artisanat et de l\u2019agriculture \u00e9tait n\u00e9e gr\u00e2ce \u00e0 l\u2019aide de financiers juifs russes dont le baron de Gunzburg. L\u2019organisation, reconnue officiellement par le gouvernement de Russie en 1905, avait cr\u00e9\u00e9 des \u00e9coles dans la seule Russie. En 1919, L\u00e9on Bramson et David Lvovitch furent envoy\u00e9s en Europe de l\u2019Ouest par le Comit\u00e9 de l\u2019ORT afin de trouver de l\u2019aide. Ils se rendirent \u00e0 Paris o\u00f9 fut cr\u00e9\u00e9 l\u2019ORT France (1921). L\u2019association fran\u00e7aise ORT n\u2019est d\u2019abord qu\u2019une \u0153uvre de propagande et de collecte de fonds destin\u00e9s au financement des institutions de l\u2019ORT dans les pays d\u2019Europe orientale. Dans le m\u00eame temps l\u2019ORT Angleterre et l\u2019ORT Allemagne furent aussi cr\u00e9\u00e9s.<br \/>Gr\u00e2ce \u00e0 la volont\u00e9 de L\u00e9on Bramson, l\u2019ann\u00e9e 1921 marque aussi la fondation de l\u2019Union Mondiale ORT, cr\u00e9\u00e9e lors d\u2019un Congr\u00e8s \u00e0 Berlin. Le si\u00e8ge fut install\u00e9 \u00e0 Berlin. Gr\u00e2ce aux efforts de L\u00e9on Bramson et d\u2019Aaron Syngalowski (Secr\u00e9taire G\u00e9n\u00e9ral de l\u2019Union Mondiale ORT), l\u2019American ORT fut cr\u00e9\u00e9 en 1922.<br \/>Le si\u00e8ge de l\u2019Union Mondiale ORT fut transf\u00e9r\u00e9 \u00e0 Paris en 1933, ann\u00e9e de l\u2019arriv\u00e9e d\u2019Hitler au pouvoir. Les r\u00e9fugi\u00e9s juifs allemands affluant, l\u2019ORT mit en place des cours de reclassement professionnel et les aida \u00e0 trouver un travail. A la veille de la guerre l\u2019ORT France comptait trois centres d\u2019apprentissage (Paris, Montmorency et Chelles). Les femmes \u00e9taient form\u00e9es aux m\u00e9tiers de la mode (stylisme, couture, bonneterie, accessoires de modes) et les hommes en radio \u00e9lectricit\u00e9, m\u00e9canique et cin\u00e9ma. Ils \u00e9taient aussi form\u00e9s \u00e0 l\u2019agriculture. En 1937, se forma l\u2019Association des Parlementaires Amis de l\u2019ORT (avec Paul Painlev\u00e9 et Edouard Herriot).<br \/>L\u2019ORT a \u00e9t\u00e9 particuli\u00e8rement active pendant la guerre, cr\u00e9ant des centres de formation dans les ghettos de Kovno et de Varsovie !, s\u2019occupant des r\u00e9fugi\u00e9s et des rescap\u00e9s. Le mouvement s\u2019installa quelques temps \u00e0 Vichy, rue Carnot, de 1939 jusqu\u2019en janvier 1940, puis revint \u00e0 Paris, retourna en juin \u00e0 Vichy (avant que le gouvernement de Vichy ne s\u2019y installe), \u00e0 Marseille en novembre 1940 (o\u00f9 L\u00e9on Bramson mourut en 1941), puis \u00e0 Voiron. L\u2019ORT fut autoris\u00e9e par le gouvernement de Vichy \u00e0 poursuivre ses activit\u00e9s dans une vingtaine de villes jusqu\u2019en 1942. Elle fut \u00e9galement pr\u00e9sente dans certains camps d\u2019internement en France (Brens, Rivesaltes, Gurs, Recebedou et Septfonds).<br \/>En 1943, la Collaboration et les d\u00e9portations oblig\u00e8rent Aaron Syngalowski \u00e0 transf\u00e9rer le si\u00e8ge l\u2019Union Mondiale ORT \u00e0 Gen\u00e8ve. L\u2019ORT fut pr\u00e9sente en 1945 dans les camps de personnes d\u00e9plac\u00e9es pour y enseigner des m\u00e9tiers manuels.<\/h4>\n<h4><span style=\"color: #491571;\"><\/span>Des centres ORT se sont d\u00e9velopp\u00e9s dans le monde entier et en Isra\u00ebl o\u00f9 les premi\u00e8res \u00e9coles s\u2019ouvrirent en 1949. L\u2019ORT a \u00e9t\u00e9 pr\u00e9sente dans les pays musulmans, en Alg\u00e9rie, Tunisie et au Maroc (jusqu\u2019\u00e0 l\u2019ind\u00e9pendance), ainsi qu\u2019en Iran (jusqu\u2019en 1980). Cette m\u00eame ann\u00e9e, le si\u00e8ge de l\u2019organisation est d\u00e9plac\u00e9 de Gen\u00e8ve \u00e0 Londres.<br \/>En 1990, apr\u00e8s 52 ans d\u2019absence (Staline avait dissout l\u2019organisation en 1938), l\u2019ORT rena\u00eet en Russie.<\/h4>\n<h4>L\u2019ORT est rest\u00e9e fid\u00e8le \u00e0 son inspiration fondatrice qui pouvait \u00e0 l\u2019origine se r\u00e9sumer en une formule fameuse : donne un poisson \u00e0 un homme, il aura \u00e0 manger pour un jour, apprends-lui \u00e0 p\u00eacher, il pourra se nourrir toute sa vie.<br \/>A l\u2019aube du 21\u00e8me si\u00e8cle, l\u2019enseignement de l\u2019ORT, fid\u00e8le \u00e0 ses racines juives et ouvert \u00e0 tous les publics, int\u00e8gre les \u00e9volutions les plus r\u00e9centes des technologies des domaines industriels et tertiaires. Du jeune \u00e9lectricien muni d\u2019un brevet professionnel \u00e0 l\u2019\u00e9tudiant qui int\u00e8gre une grande \u00e9cole d\u2019ing\u00e9nieurs, les parcours des \u00e9l\u00e8ves de l\u2019ORT sont multiples, le principe reste le m\u00eame : donner \u00e0 chacun, \u00e0 son meilleur niveau, les meilleures chances d\u2019int\u00e9gration scolaire, sociale et professionnelle. L\u2019investissement personnel et la foi en leur mission \u00e9ducative de tous les intervenants professionnels sont amplement relay\u00e9s par le soutien actif d\u2019un r\u00e9seau associatif, Comit\u00e9s Locaux, Comit\u00e9s F\u00e9minins, et l\u2019adh\u00e9sion sans cesse renouvel\u00e9e de milliers d\u2019entreprises qui versent chaque ann\u00e9e \u00e0 l\u2019ORT leur Taxe d\u2019Apprentissage.<\/h4>\n<h4><\/h4>\n<h3><\/h3>\n<h3><strong><span style=\"color: #491571;\">L\u2019ORT est aujourd\u2019hui pr\u00e9sent sur tous les continents :<\/span><\/strong><\/h3>\n<h4>\u2022 En Am\u00e9rique du Nord : USA et Canada<br \/>\u2022 En Am\u00e9rique latine : Argentine, Br\u00e9sil, Chili, Mexique, Paraguay, P\u00e9rou, Uruguay, Venezuela et\u2026 Cuba.<br \/>\u2022 En Australie<br \/>\u2022 En Afrique du Sud<br \/>\u2022 En Inde<br \/>\u2022 En Europe : France (pr\u00e8s de 5 000 \u00e9tudiants, 550 collaborateurs, dans 7 centres : Choisy Le Roi, Lyon, Marseille, Montreuil, Strasbourg, Toulouse et Villiers-le-Bel), Angleterre, Belgique, Danemark, Finlande, Allemagne, Gr\u00e8ce, Italie, Espagne, Luxembourg, Pays-Bas, Norv\u00e8ge, Su\u00e8de, Suisse, Bulgarie, R\u00e9publique tch\u00e8que, Hongrie, Russie, Ukraine, Moldavie, Lituanie et Lettonie, Belarus et Kirghizstan et en Isra\u00ebl.<\/h4>\n<h3><strong><span style=\"color: #491571;\"><\/span><\/strong><\/h3>\n<h3><strong><span style=\"color: #491571;\"><\/span><\/strong><\/h3>\n<h3><strong><span style=\"color: #491571;\"><\/span><\/strong><\/h3>\n<h3><strong><span style=\"color: #491571;\">NOTRE VISION :<\/span><\/strong><\/h3>\n<h4>La phrase \u00ab Nous sommes fiers de la r\u00e9ussite de nos \u00e9l\u00e8ves \u00bb veut dire que nous ne sommes pas attach\u00e9s \u00e0 la performance maximum. Pour nous, il est plus important qu\u2019un \u00e9l\u00e8ve ait le dipl\u00f4me pour lequel il concourt que le temps qu\u2019il mettra \u00e0 l\u2019obtenir. Quelle que soit la dur\u00e9e du cursus, il est primordial que l\u2019\u00e9l\u00e8ve obtienne son BAC professionnel, son BAC g\u00e9n\u00e9ral et technologique, son BTS ou qu\u2019il int\u00e8gre une Grande \u00e9cole d\u2019Ing\u00e9nieurs m\u00eame s\u2019il doit mettre du temps pour atteindre cet objectif.<\/h4>\n<h3><span style=\"color: #491571;\"><strong><\/strong><\/span><\/h3>\n<h3><span style=\"color: #491571;\"><strong>NOS VALEURS :<\/strong><\/span><\/h3>\n<h4>Une \u00e9ducation pour la vie est la valeur commune de toutes les \u00e9coles ORT dans le monde. Elle a un double sens : c\u2019est \u00e0 la fois une \u00e9ducation et une formation solides pour int\u00e9grer au mieux la vie professionnelle, mais c\u2019est \u00e9galement une \u00e9ducation \u00e0 la vie gr\u00e2ce \u00e0 la transmission de valeurs universelles : Tol\u00e9rance, Solidarit\u00e9, Fraternit\u00e9, Humanisme\u2026<\/h4>\n<h4><span style=\"color: #491571;\"><strong><\/strong><\/span><\/h4>\n<h4><span style=\"color: #491571;\"><strong>INNOVATION :<\/strong><\/span><\/h4>\n<h4>L\u2019ORT est \u00e0 la fois \u00e0 la pointe en proposant des formations faisant appel \u00e0 l\u2019innovation technique et technologique (Informatique, Proth\u00e8se dentaire, Optique\u2026.) et en mettant \u00e0 la disposition des \u00e9l\u00e8ves des moyens technologiques de pointe qui permettent d\u2019offrir un enseignement de qualit\u00e9 (Ordinateurs, tableaux interactifs\u2026)<\/h4>\n<p>&nbsp;<\/p>\n<h3><span style=\"color: #491571;\"><strong>QUALITE PEDAGOGIQUES :<\/strong><\/span><\/h3>\n<h4><span style=\"color: #491571;\"><strong><\/strong><\/span>L\u2019ORT s\u2019attache \u00e0 avoir des enseignants de grande valeur, titulaires de dipl\u00f4mes reconnus par l\u2019Etat (Agr\u00e9gation, CAPES, etc.) De plus, ces enseignants suivent des programmes de formation pour \u00eatre constamment au niveau le plus performant. La plupart d\u2019entre eux sont si attach\u00e9s \u00e0 l\u2019Institution qu\u2019ils ne comptent pas leur temps en dehors de leurs heures de service.<\/h4>\n<p>&nbsp;<\/p>\n<p><span style=\"color: #491571;\"><strong><\/strong><\/span><\/p>\n<h3><span style=\"color: #491571;\"><strong>VIVRE ENSEMBLE :<\/strong><\/span><\/h3>\n<h4>En affirmant son identit\u00e9, l\u2019ORT est une \u00e9cole ouverte \u00e0 tous et \u00e0 toutes qui permet les \u00e9changes de cultures et d\u2019histoires en fonction du v\u00e9cu de chacun. Elle permet de forger des amiti\u00e9s extr\u00eamement fortes et de lutter contre les pr\u00e9jug\u00e9s de chacun.<\/h4>\n<h4>L\u2019investissement personnel et la mission \u00e9ducative de tous les intervenants professionnels sont amplement relay\u00e9s par le soutien actif des Pouvoirs publics (Etat, R\u00e9gions, D\u00e9partements), d\u2019un r\u00e9seau associatif (Comit\u00e9s Locaux, Comit\u00e9s F\u00e9minins, Fondations) et par l\u2019adh\u00e9sion sans cesse renouvel\u00e9e de milliers d\u2019entreprises qui versent chaque ann\u00e9e \u00e0 l\u2019ORT leur Taxe d\u2019Apprentissage.<\/h4>\n<h3><span style=\"color: #491571;\"><\/span><\/h3>\n<h3><span style=\"color: #491571;\">L\u2019ORT si\u00e8ge au Parlement europ\u00e9en en tant qu\u2019ONG.<\/span><\/h3>\n<h3><span style=\"color: #491571;\">L\u2019ORT est actif dans plus de 235 \u00e9coles &amp;universit\u00e9s, avec plus de 300\u2019000 \u00e9tudiants par an, plus de 9000 professeurs et 138 ans d\u2019exp\u00e9riences.<\/span><\/h3>\n<p>[\/et_pb_text][\/et_pb_column][\/et_pb_row][\/et_pb_section]<\/p>\n","protected":false},"excerpt":{"rendered":"<p>[et_pb_section fb_built=\u00a0\u00bb1&Prime; fullwidth=\u00a0\u00bbon\u00a0\u00bb next_background_color=\u00a0\u00bb#ffffff\u00a0\u00bb disabled_on=\u00a0\u00bboff|off|off\u00a0\u00bb admin_label=\u00a0\u00bbHero\u00a0\u00bb _builder_version=\u00a0\u00bb4.9.4&Prime; background_color=\u00a0\u00bb#1f1f1f\u00a0\u00bb background_image=\u00a0\u00bbhttps:\/\/ortsuisse.org\/site2\/wp-content\/uploads\/2021\/06\/image-old-scientist.jpg\u00a0\u00bb parallax=\u00a0\u00bbon\u00a0\u00bb custom_padding=\u00a0\u00bb|||\u00a0\u00bb bottom_divider_style=\u00a0\u00bbcurve\u00a0\u00bb transparent_background=\u00a0\u00bbon\u00a0\u00bb][et_pb_fullwidth_header title=\u00a0\u00bbL&rsquo;HISTOIRE DE L&rsquo;ORT MONDIAL\u00a0\u00bb text_orientation=\u00a0\u00bbcenter\u00a0\u00bb background_overlay_color=\u00a0\u00bbrgba(31,31,31,0.85)\u00a0\u00bb subhead_font_color=\u00a0\u00bb#bebebe\u00a0\u00bb _builder_version=\u00a0\u00bb4.9.4&Prime; title_font=\u00a0\u00bbGilroy-Regular||||||||\u00a0\u00bb title_text_color=\u00a0\u00bb#ffffff\u00a0\u00bb title_font_size=\u00a0\u00bb72px\u00a0\u00bb title_line_height=\u00a0\u00bb1.3em\u00a0\u00bb content_font=\u00a0\u00bbMontserrat||||\u00a0\u00bb content_text_color=\u00a0\u00bb#bfbfbf\u00a0\u00bb content_font_size=\u00a0\u00bb19px\u00a0\u00bb content_line_height=\u00a0\u00bb1.8em\u00a0\u00bb subhead_font=\u00a0\u00bbMontserrat||||\u00a0\u00bb subhead_text_color=\u00a0\u00bb#bebebe\u00a0\u00bb subhead_line_height=\u00a0\u00bb1.8em\u00a0\u00bb background_color=\u00a0\u00bbrgba(255, 255, 255, 0)\u00a0\u00bb background_enable_image=\u00a0\u00bboff\u00a0\u00bb background_size=\u00a0\u00bbcontain\u00a0\u00bb background_repeat=\u00a0\u00bbrepeat\u00a0\u00bb custom_padding=\u00a0\u00bb5%||5%|\u00a0\u00bb animation_style=\u00a0\u00bbzoom\u00a0\u00bb animation_duration=\u00a0\u00bb1500ms\u00a0\u00bb animation_intensity_zoom=\u00a0\u00bb4%\u00a0\u00bb title_line_height_last_edited=\u00a0\u00bboff|desktop\u00a0\u00bb button_one_text_size__hover_enabled=\u00a0\u00bboff\u00a0\u00bb button_two_text_size__hover_enabled=\u00a0\u00bboff\u00a0\u00bb button_one_text_color__hover_enabled=\u00a0\u00bboff\u00a0\u00bb button_two_text_color__hover_enabled=\u00a0\u00bboff\u00a0\u00bb button_one_border_width__hover_enabled=\u00a0\u00bboff\u00a0\u00bb button_two_border_width__hover_enabled=\u00a0\u00bboff\u00a0\u00bb button_one_border_color__hover_enabled=\u00a0\u00bboff\u00a0\u00bb button_two_border_color__hover_enabled=\u00a0\u00bboff\u00a0\u00bb button_one_border_radius__hover_enabled=\u00a0\u00bboff\u00a0\u00bb button_two_border_radius__hover_enabled=\u00a0\u00bboff\u00a0\u00bb button_one_letter_spacing__hover_enabled=\u00a0\u00bboff\u00a0\u00bb [&hellip;]<\/p>\n","protected":false},"author":2,"featured_media":0,"parent":0,"menu_order":0,"comment_status":"closed","ping_status":"closed","template":"","meta":{"give_campaign_id":0,"_et_pb_use_builder":"on","_et_pb_old_content":"","_et_gb_content_width":"","footnotes":""},"class_list":["post-917","page","type-page","status-publish","hentry"],"campaignId":"","_links":{"self":[{"href":"https:\/\/ortsuisse.org\/site\/wp-json\/wp\/v2\/pages\/917","targetHints":{"allow":["GET"]}}],"collection":[{"href":"https:\/\/ortsuisse.org\/site\/wp-json\/wp\/v2\/pages"}],"about":[{"href":"https:\/\/ortsuisse.org\/site\/wp-json\/wp\/v2\/types\/page"}],"author":[{"embeddable":true,"href":"https:\/\/ortsuisse.org\/site\/wp-json\/wp\/v2\/users\/2"}],"replies":[{"embeddable":true,"href":"https:\/\/ortsuisse.org\/site\/wp-json\/wp\/v2\/comments?post=917"}],"version-history":[{"count":5,"href":"https:\/\/ortsuisse.org\/site\/wp-json\/wp\/v2\/pages\/917\/revisions"}],"predecessor-version":[{"id":1301,"href":"https:\/\/ortsuisse.org\/site\/wp-json\/wp\/v2\/pages\/917\/revisions\/1301"}],"wp:attachment":[{"href":"https:\/\/ortsuisse.org\/site\/wp-json\/wp\/v2\/media?parent=917"}],"curies":[{"name":"wp","href":"https:\/\/api.w.org\/{rel}","templated":true}]}}